) to base 16.
-c
-1a (base 13) to base 3
-212
Convert -1211 (base 3) to base 14.
-37
Convert 3 (base 16) to base 4.
3
What is -8f (base 16) in base 6?
-355
Convert 0 (base 6) to base 3.
0
Convert 3b (base 16) to base 7.
113
What is 0 (base 9) in base 4?
0
Convert 1301 (base 4) to base 2.
1110001
What is 0 (base 8) in base 14?
0
What is 123 (base 12) in base 9?
210
What is -12 (base 6) in base 8?
-10
Convert 2020 (base 3) to base 12.
50
0 (base 7) to base 15
0
-5 (base 6) to base 3
-12
-9b (base 13) to base 7
-242
What is 2 (base 13) in base 6?
2
-13 (base 16) to base 4
-103
What is -16 (base 12) in base 3?
-200
What is -c (base 15) in base 8?
-14
What is 140 (base 11) in base 13?
c9
25 (base 11) to base 8
33
What is 111110 (base 2) in base 13?
4a
-36 (base 14) to base 5
-143
What is 71 (base 10) in base 7?
131
Convert 1111 (base 2) to base 4.
33
What is 22 (base 7) in base 3?
121
22 (base 4) to base 14
a
Convert -8b (base 15) to base 5.
-1011
Convert -10 (base 2) to base 14.
-2
What is -4 (base 13) in base 9?
-4
Convert 4e (base 15) to base 5.
244
Convert -8c (base 16) to base 2.
-10001100
What is 1001 (base 4) in base 2?
1000001
30 (base 10) to base 5
110
242 (base 7) to base 10
128
-3 (base 16) to base 5
-3
12 (base 10) to base 12
10
Convert 1 (base 11) to base 2.
1
101010 (base 2) to base 5
132
Convert 1 (base 8) to base 16.
1
Convert -3 (base 7) to base 9.
-3
What is -3 (base 8) in base 13?
-3
What is 14 (base 11) in base 14?
11
20 (base 3) to base 5
11
What is -91 (base 12) in base 10?
-109
What is 1 (base 12) in base 3?
1
Convert 55 (base 16) to base 8.
125
What is 2 (base 12) in base 3?
2
Convert 3 (base 11) to base 5.
3
-53 (base 9) to base 7
-66
What is 10 (base 2) in base 16?
2
Convert 22 (base 15) to base 10.
32
6 (base 8) to base 2
110
Convert -7 (base 12) to base 3.
-21
1001 (base 2) to base 9
10
0 (base 2) to base 14
0
What is a5 (base 12) in base 15?
85
What is 0 (base 14) in base 10?
0
Convert -11 (base 14) to base 9.
-16
Convert 3 (base 15) to base 8.
3
What is -1 (base 16) in base 15?
-1
Convert c (base 15) to base 2.
1100
What is 19 (base 13) in base 12?
1a
-102 (base 3) to base 2
-1011
30 (base 5) to base 13
12
Convert f (base 16) to base 11.
14
What is -311 (base 4) in base 10?
-53
What is -7 (base 13) in base 3?
-21
Convert -22 (base 4) to base 2.
-1010
What is -c (base 13) in base 16?
-c
What is 6 (base 9) in base 3?
20
-44 (base 10) to base 13
-35
0 (base 16) to base 7
0
5 (base 10) to base 15
5
What is -30 (base 15) in base 9?
-50
Convert -3 (base 9) to base 13.
-3
-1 (base 13) to base 5
-1
20 (base 10) to base 16
14
-1 (base 14) to base 10
-1
41 (base 9) to base 12
31
What is -2 (base 14) in base 7?
-2
What is -11b (base 12) in base 4?
-2213
What is -16 (base 7) in base 6?
-21
Convert 151 (base 8) to base 3.
10220
What is 0 (base 13) in base 8?
0
What is 1 (base 7) in base 4?
1
Convert -11201 (base 3) to base 13.
-9a
10 (base 2) to base 11
2
1 (base 6) to base 4
1
1b (base 16) to base 12
23
What is -45 (base 6) in base 4?
-131
Convert 1 (base 5) to base 6.
1
What is 64 (base 12) in base 8?
114
-1 (base 3) to base 4
-1
Convert 95 (base 11) to base 15.
6e
What is 2 (base 12) in base 11?
2
What is 105 (base 6) in base 5?
131
Convert 46 (base 13) to base 9.
64
Convert 48 (base 10) to base 16.
30
22 (base 7) to base 4
100
10 (base 5) to base 9
5
What is -d0 (base 15) in base 2?
-11000011
Convert 130 (base 6) to base 15.
39
What is -6 (base 14) in base 6?
-10
What is 50 (base 7) in base 6?
55
-9 (base 15) to base 8
-11
What is -29 (base 10) in base 3?
-1002
220 (base 8) to base 11
121
-2 (base 6) to base 12
-2
14 (base 5) to base 3
100
What is -4 (base 12) in base 14?
-4
What is 0 (base 16) in base 11?
0
40 (base 12) to base 2
110000
Convert -2 (base 16) to base 8.
-2
10 (base 4) to base 2
100
Convert -10 (base 5) to base 15.
-5
What is 11 (base 15) in base 12?
14
What is -124 (base 5) in base 11?
-36
-6 (base 8) to base 2
-110
20 (base 8) to base 13
13
What is -21 (base 4) in base 16?
-9
Convert -4 (base 8) to base 10.
-4
What is 1 (base 8) in base 16?
1
313 (base 8) to base 14
107
Convert 5 (base 10) to base 9.
5
What is -11 (base 8) in base 9?
-10
10 (base 7) to base 3
21
What is -343 (base 5) in base 12?
-82
424 (base 6) to base 15
aa
-4 (base 13) to base 11
-4
Convert -1 (base 6) to base 13.
-1
110 (base 4) to base 5
40
18 (base 13) to base 5
41
-21 (base 5) to base 12
-b
Convert -2234 (base 5) to base 8.
-477
Convert -5 (base 6) to base 13.
-5
What is -10000 (base 3) in base 6?
-213
Convert -1101010 (base 2) to base 10.
-106
0 (base 3) to base 8
0
0 (base 12) to base 15
0
What is 130 (base 4) in base 14?
20
What is -2 (base 13) in base 15?
-2
What is -48 (base 13) in base 9?
-66
Convert 10 (base 4) to base 13.
4
5 (base 11) to base 15
5
What is -3 (base 11) in base 8?
-3
What is -25 (base 16) in base 11?
-34
Convert -9 (base 16) to base 5.
-14
Convert -535 (base 8) to base 4.
-11131
-63 (base 7) to base 9
-50
Convert -29 (base 16) to base 9.
-45
What is -33 (base 14) in base 16?
-2d
Convert -14b (base 12) to base 11.
-175
Convert -5 (base 16) to base 13.
-5
-11 (base 12) to base 15
-d
10001 (base 2) to base 10
17
Convert 23 (base 7) to base 3.
122
What is 4 (base 15) in base 5?
4
What is 19 (base 16) in base 6?
41
What is 51 (base 15) in base 16?
4c
What is -10001 (base 2) in base 14?
-13
Convert -102 (base 8) to base 12.
-56
What is 122 (base 11) in base 7?
265
Convert 12 (base 4) to base 14.
6
What is 10 (base 2) in base 7?
2
Convert -103 (base 5) to base 10.
-28
Convert 5 (base 9) to base 10.
5
What is 4 (base 11) in base 9?
4
What is 1022 (base 4) in base 5?
244
What is -140 (base 5) in base 4?
-231
Convert 4 (base 5) to base 6.
4
11 (base 8) to base 15
9
What is 2 (base 16) in base 8?
2
Convert -10 (base 3) to base 4.
-3
d (base 14) to base 15
d
What is -111 (base 7) in base 3?
-2010
What is 1 (base 7) in base 8?
1
What is -13b (base 12) in base 4?
-2333
What is -27 (base 12) in base 4?
-133
-1 (base 8) to base 13
-1
What is 1 (base 3) in base 4?
1
Convert 303 (base 8) to base 13.
120
What is 1021 (base 3) in base 12?
2a
What is -103 (base 4) in base 13?
-16
Convert -8 (base 13) to base 11.
-8
What is 41 (base 10) in base 15?
2b
Convert -1a (base 13) to base 12.
-1b
0 (base 15) to base 6
0
What is -12 (base 9) in base 16?
-b
Convert -35 (base 13) to base 16.
-2c
17 (base 10) to base 2
10001
What is 13 (base 4) in base 2?
111
What is 1 (base 3) in base 13?
1
What is -1304 (base 6) in base 2?
-101001000
Convert -2 (base 3) to base 2.
-10
What is 36 (base 11) in base 4?
213
Convert -211 (base 4) to base 11.
-34
What is 100001 (base 2) in base 12?
29
-4 (base 15) to base 12
-4
What is -15 (base 7) in base 4?
-30
Convert 2 (base 11) to base 8.
2
-101 (base 4) to base 8
-21
Convert -3 (base 6) to base 11.
-3
What is -1 (base 8) in base 10?
-1
20 (base 11) to base 3
211
-3 (base 15) to base 4
-3
177 (base 9) to base 12
107
28 (base 11) to base 10
30
Convert 4 (base 12) to base 7.
4
-3 (base 4) to base 12
-3
What is 6 (base 15) in base 8?
6
What is 0 (base 9) in base 8?
0
Convert 50 (base 6) to base 9.
33
-1 (base 14) to base 7
-1
Convert 21 (base 14) to base 6.
45
Convert 0 (base 9) to base 2.
0
Convert -5 (base 14) to base 3.
-12
1422 (base 5) to base 7
456
Convert 10111 (base 3) to base 4.
1132
-19a (base 13) to base 2
-100101000
What is -31 (base 5) in base 14?
-12
What is 1 (base 16) in base 7?
1
-68 (base 13) to base 4
-1112
Convert -11 (base 7) to base 8.
-10
What is -1010110 (base 2) in base 11?
-79
What is 105 (base 6) in base 8?
51
-1c (base 15) to base 2
-11011
Convert -8 (base 14) to base 7.
-11
What is -3 (base 15) in base 9?
-3
What is 6 (base 7) in base 13?
6
-6 (base 8) to base 11
-6
Convert c (base 16) to base 4.
30
What is -11 (base 2) in base 3?
-10
What is -311 (base 4) in base 12?
-45
Convert 2 (base 13) to base 2.
10
34 (base 11) to base 4
211
Convert 21012 (base 3) to base 15.
ce
Convert -360 (base 7) to base 12.
-139
Convert -b (base 13) to base 11.
-10
13 (base 4) to base 7
10
12 (base 7) to base 12
9
Convert 1 (base 5) to base 12.
1
Convert -10 (base 2) to base 15.
-2
What is -10 (base 7) in base 12?
-7
What is 110 (base 2) in base 4?
12
214 (base 9) to base 5
1200
What is 14 (base 7) in ba